0?
-4
In base 11, what is -1 - 173?
-174
In base 4, what is -101221 + -3?
-101230
In base 7, what is -5 - -216?
211
In base 2, what is -1111110100000 + 11?
-1111110011101
In base 6, what is 3 - 3200?
-3153
In base 2, what is -11100 + -1111011?
-10010111
In base 6, what is -5 - -311?
302
In base 14, what is a2 + 1?
a3
In base 14, what is -40 + 3?
-3b
In base 12, what is 3 + a4?
a7
In base 4, what is -3323 + 31?
-3232
In base 8, what is 63 + -12?
51
In base 13, what is -a1 + 2?
-9c
In base 14, what is -2 + -1a0?
-1a2
In base 3, what is 10001 - 1?
10000
In base 12, what is -172 + 1?
-171
In base 4, what is 33 + 0?
33
In base 13, what is 1 - -57?
58
In base 9, what is -455 - -5?
-450
In base 16, what is -1d1 + -5?
-1d6
In base 8, what is 7 - -102?
111
In base 11, what is 13 - -1512?
1525
In base 13, what is 242 - 2?
240
In base 14, what is 83 - 19?
68
In base 16, what is -18b7 - 5?
-18bc
In base 7, what is 26032 + 5?
26040
In base 9, what is 4 + 105?
110
In base 7, what is -20 + -41?
-61
In base 9, what is 36 + -28?
7
In base 9, what is 22 + 7?
30
In base 9, what is -68 - 3?
-72
In base 12, what is 16 - a?
8
In base 11, what is 8 - -9a5?
a02
In base 4, what is 0 - -120?
120
In base 10, what is -6 + 262?
256
In base 7, what is 156 + 13?
202
In base 11, what is 3 + -39?
-36
In base 14, what is 1b2 - 15?
19b
In base 8, what is -16 - 11?
-27
In base 12, what is -3a3b + -4?
-3a43
In base 7, what is 0 + 14343?
14343
In base 10, what is 214 - -16?
230
In base 2, what is 101 + 1110?
10011
In base 11, what is -4 - a4?
-a8
In base 13, what is 0 + -c?
-c
In base 4, what is -30 + -20?
-110
In base 4, what is 1 - -1000010?
1000011
In base 7, what is 1145 + -3?
1142
In base 8, what is -2741 + -3?
-2744
In base 4, what is -3 + 20?
11
In base 5, what is 21011 + -4?
21002
In base 7, what is 2422 + -4?
2415
In base 9, what is 2 + -51?
-48
In base 15, what is e - -c9?
d8
In base 5, what is 3 - 10?
-2
In base 3, what is -12120 - 2202?
-22022
In base 5, what is -310122 - 2?
-310124
In base 3, what is 100221122 + 10?
100221202
In base 15, what is 11 - 79?
-68
In base 6, what is 0 + -1140?
-1140
In base 12, what is a - -109?
117
In base 11, what is -5 - -604?
5aa
In base 4, what is 1 + -11?
-10
In base 12, what is -3 + 25a?
257
In base 10, what is 3 + -127?
-124
In base 7, what is 46 - 62?
-13
In base 13, what is -24 + -2?
-26
In base 3, what is 1111 - 200?
211
In base 11, what is 1529 + 1?
152a
In base 7, what is 61 + -113?
-22
In base 16, what is 33e4 - -1?
33e5
In base 14, what is -2a1 + -7?
-2a8
In base 6, what is 141 - 125?
12
In base 15, what is 9 - -65?
6e
In base 13, what is -3 - -12a?
127
In base 6, what is 420 - -3?
423
In base 9, what is -5 - -30?
24
In base 3, what is 11210 - 10121?
1012
In base 3, what is 0 + -2211?
-2211
In base 16, what is -4 - 84a?
-84e
In base 8, what is 3 + -264?
-261
In base 9, what is 17 - -15?
33
In base 5, what is -1443 - 40?
-2033
In base 4, what is -320321 + -2?
-320323
In base 11, what is -5a + -8?
-67
In base 14, what is -d8 + -4?
-dc
In base 11, what is -2 + 134?
132
In base 8, what is -215 - -2?
-213
In base 7, what is -2 + -366?
-401
In base 4, what is -1 - -221330?
221323
In base 16, what is -e - 1c?
-2a
In base 13, what is -186 + 4?
-182
In base 2, what is -10111111 + -1?
-11000000
In base 15, what is -23 - 9?
-2c
In base 12, what is 5ba - -5?
603
In base 10, what is 13283 - -1?
13284
In base 12, what is -344 - -4?
-340
In base 9, what is 3 - 120?
-116
In base 6, what is 1 + -1145?
-1144
In base 3, what is -2 - 11100020?
-11100022
In base 11, what is -3 - -1698?
1695
In base 2, what is -100011 - -1010?
-11001
In base 5, what is -4 - -12310?
12301
In base 14, what is -2 + -31a?
-31c
In base 11, what is -1692 + -1?
-1693
In base 2, what is 1 - 110111001101?
-110111001100
In base 7, what is 4 - 1046?
-1042
In base 3, what is 211 + -11?
200
In base 16, what is -3 + -1e?
-21
In base 13, what is -84 - 3?
-87
In base 3, what is 21022100 - 11?
21022012
In base 3, what is 12 - 22202?
-22120
In base 14, what is 100 - -4?
104
In base 16, what is e5c - 0?
e5c
In base 2, what is -1 - -10010011?
10010010
In base 4, what is -2 - -12202?
12200
In base 3, what is 2220102 - 2?
2220100
In base 5, what is 3 + -14000?
-13442
In base 7, what is -165161 + 1?
-165160
In base 15, what is 1a4e + 0?
1a4e
In base 13, what is -5 - -108?
103
In base 12, what is 3 + 1615?
1618
In base 6, what is -1 + 35?
34
In base 14, what is 64c - 2?
64a
In base 12, what is -5 + -25?
-2a
In base 15, what is 34 + 48?
7c
In base 5, what is -1042204 + 1?
-1042203
In base 14, what is 4 - 203?
-1dd
In base 4, what is 23 + -210?
-121
In base 9, what is 288 + 14?
313
In base 13, what is -754 + -2?
-756
In base 14, what is d + -1?
c
In base 4, what is 3302 + 1?
3303
In base 9, what is 23 - -87?
121
In base 3, what is 1220122 - 2?
1220120
In base 15, what is 8e - 1?
8d
In base 7, what is 3 + 24?
30
In base 8, what is 1465 + -5?
1460
In base 5, what is 100033 + -4?
100024
In base 8, what is -3 - -517?
514
In base 10, what is -5 + 28?
23
In base 3, what is -112 - 200?
-1012
In base 15, what is -6 + -143?
-149
In base 2, what is 1000110001 + 1?
1000110010
In base 13, what is 1 - -33?
34
In base 15, what is 1b6 - 10?
1a6
In base 13, what is -9c + -5?
-a4
In base 4, what is 201220 - 3?
201211
In base 14, what is 1 - -318?
319
In base 16, what is 9 - 32?
-29
In base 3, what is 211121 - 22?
211022
In base 2, what is -1011010 + 1?
-1011001
In base 7, what is -2 - 16665?
-20000
In base 2, what is -101110111 - -1?
-101110110
In base 6, what is 0 + 310?
310
In base 4, what is -1000 - 1121?
-2121
In base 7, what is -4145 - -12?
-4133
In base 4, what is 2130 + 10?
2200
In base 10, what is 4 - -13?
17
In base 12, what is 78 - -5?
81
In base 12, what is 4 - -33?
37
In base 9, what is -43 + -148?
-202
In base 11, what is -268 - -3?
-265
In base 5, what is -3403 + 2?
-3401
In base 12, what is -12 - 7b?
-91
In base 14, what is -1 - 1107?
-1108
In base 12, what is 2 + 7a4?
7a6
In base 9, what is 1118 + 1?
1120
In base 5, what is -10034 - 10?
-10044
In base 6, what is 25 + 1?
30
In base 16, what is -1 - -24?
23
In base 13, what is 65 + -3?
62
In base 15, what is 204 + -18?
1db
In base 10, what is -26 + 0?
-26
In base 8, what is -2 + -46?
-50
In base 11, what is 1 - -69?
6a
In base 7, what is -1130 + 30?
-1100
In base 16, what is f + e6?
f5
In base 14, what is a4 + -6?
9c
In base 10, what is -5 + 8?
3
In base 10, what is -18 + -67?
-85
In base 8, what is 315 - 0?
315
In base 2, what is 101 + 1000100010100?
1000100011001
In base 10, what is 3 - 5336?
-5333
In base 16, what is -87 + 1?
-86
In base 10, what is -382 - 4?
-386
In base 7, what is 15 - 0?
15
In base 10, what is 5 - -15?
20
In base 7, what is 5 - -5160?
5165
In base 14, what is -a16b - -5?
-a166
In base 7, what is -534 - 33?
-600
In base 16, what is dc - -4?
e0
In base 2, what is 100 + -10110010111?
-10110010011
In base 6, what is 1001 + 4?
1005
In base 5, what is 4 - -341?
400
In base 11, what is 35722 - -5?
35727
In base 7, what is 3 - 16544?
-16541
In base 9, what is 1710 + 5?
1715
In base 8, what is 10 + -3157?
-3147
In base 2, what is 11 - -1001010?
1001101
In base 14, what is 386 - -2?
388
In base 2, what is 1011111 + 100?
1100011
In base 5, what is 44 - 213?
-114
In base 4, what is 13 + -1201?
-1122
In base 2, what is -100011101000 - 1?
-100011101001
In base 15, what is 5 - 192?
-18c
In base 9, what is -28 - -34?
5
In base 7, what is -2 + -245?
-250
In base 2, what is -10011 - -10000?
-11
In base 16, what is 4 + 430?
434
In base 2, what is -101 - -111101?
111000
In base 16, what is -2 - 37?
-39
In base 13, what is 3 - 197?
-194
In base 15, what is 1666 + 3?
1669
In base 5, what is 14 - -232?
301
In base 10, what is 91 + -4?
87
In base 14, what is 24a + -4?
246
In base 15, what is 1b + -3a5?
-389
In base 6, what is 3 + 14110?
14113
In base 10, what is 1 + 400?
401
In base 2, what is -100 - 1111010?
-1111110
In base 14, what is 4 - -34?
38
In base 9, what is -2 + -122?
-124
In base 6, what is 21512 - -2?
21514
In base 8, what is 372 + 4?
376
In base 9, what is -1 - 1268?
-1270
In base 15, what is 7b - -41?
bc
In base 5, what is 4 + 1340?
1344
In base 5, what is -4 - -30433?
30424
In base 16, what is 5 - -453?
458
In base 9, what